91
List the prime factors of 28048.
2, 1753
List the prime factors of 19102.
2, 9551
List the prime factors of 1484.
2, 7, 53
List the prime factors of 2058.
2, 3, 7
What are the prime factors of 77699?
77699
What are the prime factors of 6342?
2, 3, 7, 151
List the prime factors of 26361.
3, 29, 101
What are the prime factors of 955?
5, 191
List the prime factors of 10166.
2, 13, 17, 23
What are the prime factors of 645?
3, 5, 43
What are the prime factors of 10771?
10771
What are the prime factors of 32274?
2, 3, 11, 163
List the prime factors of 102525.
3, 5, 1367
What are the prime factors of 2820?
2, 3, 5, 47
List the prime factors of 40967.
71, 577
What are the prime factors of 1350?
2, 3, 5
List the prime factors of 5028.
2, 3, 419
List the prime factors of 6769.
7, 967
List the prime factors of 13822.
2, 6911
List the prime factors of 8314.
2, 4157
List the prime factors of 22737.
3, 11, 13, 53
What are the prime factors of 4194?
2, 3, 233
What are the prime factors of 29009?
29009
List the prime factors of 906.
2, 3, 151
List the prime factors of 98902.
2, 49451
What are the prime factors of 74083?
23, 3221
List the prime factors of 4427.
19, 233
List the prime factors of 73452.
2, 3, 6121
What are the prime factors of 3559?
3559
What are the prime factors of 25832?
2, 3229
List the prime factors of 6439.
47, 137
What are the prime factors of 9704?
2, 1213
What are the prime factors of 3490?
2, 5, 349
List the prime factors of 4086.
2, 3, 227
List the prime factors of 2206.
2, 1103
List the prime factors of 142.
2, 71
What are the prime factors of 729?
3
What are the prime factors of 3015?
3, 5, 67
List the prime factors of 160936.
2, 20117
What are the prime factors of 20441?
20441
List the prime factors of 146064.
2, 3, 17, 179
What are the prime factors of 8014?
2, 4007
What are the prime factors of 835?
5, 167
List the prime factors of 5020.
2, 5, 251
List the prime factors of 36167.
59, 613
List the prime factors of 110346.
2, 3, 53, 347
List the prime factors of 883.
883
What are the prime factors of 39473?
7, 5639
List the prime factors of 39599.
7, 5657
What are the prime factors of 32330?
2, 5, 53, 61
What are the prime factors of 1038?
2, 3, 173
List the prime factors of 6356.
2, 7, 227
What are the prime factors of 29622?
2, 3, 4937
List the prime factors of 14519.
14519
What are the prime factors of 57356?
2, 13, 1103
List the prime factors of 15389.
11, 1399
List the prime factors of 2898.
2, 3, 7, 23
List the prime factors of 908.
2, 227
List the prime factors of 309.
3, 103
What are the prime factors of 5473?
13, 421
What are the prime factors of 1822?
2, 911
List the prime factors of 31373.
137, 229
List the prime factors of 33076.
2, 8269
What are the prime factors of 128610?
2, 3, 5, 1429
What are the prime factors of 6819?
3, 2273
List the prime factors of 831.
3, 277
What are the prime factors of 26614?
2, 7, 1901
List the prime factors of 142988.
2, 35747
What are the prime factors of 5451?
3, 23, 79
What are the prime factors of 120053?
271, 443
List the prime factors of 11014.
2, 5507
List the prime factors of 8517.
3, 17, 167
List the prime factors of 2904.
2, 3, 11
List the prime factors of 95.
5, 19
List the prime factors of 633.
3, 211
List the prime factors of 108.
2, 3
What are the prime factors of 1531?
1531
What are the prime factors of 5313?
3, 7, 11, 23
What are the prime factors of 57834?
2, 3, 7, 17
List the prime factors of 464.
2, 29
List the prime factors of 2093.
7, 13, 23
What are the prime factors of 8861?
8861
What are the prime factors of 3924?
2, 3, 109
What are the prime factors of 1555?
5, 311
What are the prime factors of 52505?
5, 10501
What are the prime factors of 24745?
5, 7, 101
List the prime factors of 8437.
11, 13, 59
List the prime factors of 494.
2, 13, 19
What are the prime factors of 411?
3, 137
List the prime factors of 1336.
2, 167
List the prime factors of 109717.
109717
What are the prime factors of 2083?
2083
What are the prime factors of 806?
2, 13, 31
What are the prime factors of 298?
2, 149
List the prime factors of 419.
419
What are the prime factors of 124325?
5, 4973
What are the prime factors of 6345?
3, 5, 47
List the prime factors of 8002.
2, 4001
List the prime factors of 20065.
5, 4013
What are the prime factors of 13020?
2, 3, 5, 7, 31
What are the prime factors of 2586?
2, 3, 431
What are the prime factors of 36900?
2, 3, 5, 41
What are the prime factors of 107?
107
List the prime factors of 7646.
2, 3823
List the prime factors of 4592.
2, 7, 41
List the prime factors of 143452.
2, 35863
List the prime factors of 7207.
7207
What are the prime factors of 23319?
3, 2591
What are the prime factors of 2269?
2269
What are the prime factors of 1000?
2, 5
What are the prime factors of 2293?
2293
What are the prime factors of 121135?
5, 7, 3461
List the prime factors of 2409.
3, 11, 73
List the prime factors of 40451.
19, 2129
What are the prime factors of 483?
3, 7, 23
What are the prime factors of 1529?
11, 139
What are the prime factors of 2829?
3, 23, 41
List the prime factors of 68848.
2, 13, 331
What are the prime factors of 4328?
2, 541
List the prime factors of 4370.
2, 5, 19, 23
What are the prime factors of 30881?
30881
What are the prime factors of 412?
2, 103
List the prime factors of 61866.
2, 3, 7, 491
List the prime factors of 14398.
2, 23, 313
List the prime factors of 354.
2, 3, 59
List the prime factors of 7029.
3, 11, 71
List the prime factors of 10361.
13, 797
What are the prime factors of 5973?
3, 11, 181
What are the prime factors of 34342?
2, 7, 11, 223
What are the prime factors of 10504?
2, 13, 101
What are the prime factors of 879?
3, 293
List the prime factors of 38783.
38783
List the prime factors of 1500.
2, 3, 5
What are the prime factors of 141?
3, 47
List the prime factors of 726.
2, 3, 11
What are the prime factors of 60648?
2, 3, 7, 19
What are the prime factors of 86948?
2, 21737
What are the prime factors of 153631?
67, 2293
List the prime factors of 865.
5, 173
List the prime factors of 24322.
2, 12161
List the prime factors of 4233.
3, 17, 83
List the prime factors of 2265.
3, 5, 151
List the prime factors of 19310.
2, 5, 1931
List the prime factors of 587.
587
List the prime factors of 4220.
2, 5, 211
What are the prime factors of 3681?
3, 409
What are the prime factors of 40447?
11, 3677
What are the prime factors of 842?
2, 421
List the prime factors of 31.
31
What are the prime factors of 40635?
3, 5, 7, 43
List the prime factors of 11985.
3, 5, 17, 47
What are the prime factors of 24753?
3, 37, 223
What are the prime factors of 325?
5, 13
List the prime factors of 2107.
7, 43
What are the prime factors of 5443?
5443
What are the prime factors of 4620?
2, 3, 5, 7, 11
What are the prime factors of 166955?
5, 33391
What are the prime factors of 10854?
2, 3, 67
What are the prime factors of 23716?
2, 7, 11
What are the prime factors of 56?
2, 7
What are the prime factors of 13313?
13313
List the prime factors of 2079.
3, 7, 11
What are the prime factors of 3201?
3, 11, 97
What are the prime factors of 5596?
2, 1399
List the prime factors of 2300.
2, 5, 23
What are the prime factors of 8292?
2, 3, 691
What are the prime factors of 18683?
7, 17, 157
List the prime factors of 3445.
5, 13, 53
What are the prime factors of 9629?
9629
What are the prime factors of 769?
769
What are the prime factors of 33?
3, 11
List the prime factors of 86523.
3, 151, 191
What are the prime factors of 22983?
3, 47, 163
What are the prime factors of 31478?
2, 15739
List the prime factors of 85950.
2, 3, 5, 191
What are the prime factors of 1552?
2, 97
List the prime factors of 1238.
2, 619
What are the prime factors of 16133?
13, 17, 73
List the prime factors of 5282.
2, 19, 139
What are the prime factors of 1640?
2, 5, 41
What are the prime factors of 80759?
7, 83, 139
What are the prime factors of 14332?
2, 3583
List the prime factors of 5514.
2, 3, 919
List the prime factors of 12312.
2, 3, 19
List the prime factors of 49034.
2, 24517
List the prime factors of 4280.
2, 5, 107
List the prime factors of 5521.
5521
What are the prime factors of 30919?
7, 631
List the prime factors of 1990.
2, 5, 199
What are the prime factors of 10653?
3, 53, 67